{"id":143,"date":"2025-01-16T16:31:01","date_gmt":"2025-01-16T16:31:01","guid":{"rendered":"https:\/\/ccpvseguridad.com\/?post_type=product&#038;p=143"},"modified":"2025-01-24T21:02:40","modified_gmt":"2025-01-24T21:02:40","slug":"camara-analogica-de-torreta-fija-colourhunter-de-5mp","status":"publish","type":"product","link":"https:\/\/ccpvseguridad.com\/?product=camara-analogica-de-torreta-fija-colourhunter-de-5mp","title":{"rendered":"C\u00e1mara anal\u00f3gica de torreta fija ColourHunter de 5MP UAC-T115-AF28-W"},"content":{"rendered":"<p>UAC-T115-AF28-W es una c\u00e1mara anal\u00f3gica de torreta fija ColourHunter de 5MP con un CMOS de 1\/3 de pulgada de alto rendimiento, sensor y tecnolog\u00eda de reducci\u00f3n de ruido 3D. Es compatible con TVI\/AHD\/CVI\/CVBS, lo que mejora eficazmente el producto.<br \/>\nadaptabilidad y diversidad de soluciones de networking, con cable coaxial RG 75% ohms o cable UTP (cat 5,6 100% cobre) la c\u00e1mara puede lograr transmisi\u00f3n de video a larga distancia con una excelente imagen a bajo costo, gracias a la tecnologia integrada de anti-interferencia. La c\u00e1mara tambi\u00e9n admite entrada de audio y transmisi\u00f3n s\u00edncrona de audio y v\u00eddeo. La c\u00e1mara de vigilancia uniview es un dispositivo de alta calidad que te permite monitorear tu hogar o negocio desde cualquier lugar.<\/p>\n<p>Mira el: <a href=\"https:\/\/global.uniview.com\/res\/202309\/26\/20230926_1889420_UNV%20\u3010Datasheet\u3011UAC-T115-AF28(40)-W%205MP%20ColourHunter%20Fixed%20Turret%20Analog%20Camera%20datasheet%20V1.1-EN_978469_168459_0.pdf\">DATASHEET<\/a><\/p>\n","protected":false},"excerpt":{"rendered":"<p>C\u00e1mara anal\u00f3gica de torreta fija ColourHunter de 5MP modelo UAC-T115-AF28-W<\/p>\n<p>\u2022 5MP imagen de Alta calidad (HD)<br \/>\n\u2022 MULTIFORMATOS TVI\/AHD\/CVI\/CVBS<br \/>\n\u2022 Admite iluminaci\u00f3n de luz blanca e im\u00e1genes en color 24\/7<br \/>\n\u2022 Tecnolog\u00eda de reducci\u00f3n de ruido 3D ofrece im\u00e1genes limpias y n\u00edtidas<br \/>\n\u2022 Base flexible que permite giro manual de180\u00b0 vertical y horizontal<br \/>\n\u2022 Men\u00fa de configuraci\u00f3n OSD, f\u00e1cil de operar<br \/>\n\u2022 Dise\u00f1o IP67 resistente al agua y al polvo, alta confiabilidad<br \/>\n\u2022 Men\u00fa de configuraci\u00f3n OSD en 11 idiomas<br \/>\n\u2022 Micr\u00f3fono incorporado para transmisi\u00f3n de audio de alta calidad a trav\u00e9s de cable coaxial<\/p>\n","protected":false},"featured_media":132,"comment_status":"open","ping_status":"closed","template":"","meta":{"site-sidebar-layout":"default","site-content-layout":"","ast-site-content-layout":"default","site-content-style":"default","site-sidebar-style":"default","ast-global-header-display":"","ast-banner-title-visibility":"","ast-main-header-display":"","ast-hfb-above-header-display":"","ast-hfb-below-header-display":"","ast-hfb-mobile-header-display":"","site-post-title":"","ast-breadcrumbs-content":"","ast-featured-img":"","footer-sml-layout":"","theme-transparent-header-meta":"default","adv-header-id-meta":"","stick-header-meta":"","header-above-stick-meta":"","header-main-stick-meta":"","header-below-stick-meta":"","astra-migrate-meta-layouts":"set","ast-page-background-enabled":"default","ast-page-background-meta":{"desktop":{"background-color":"var(--ast-global-color-4)","background-image":"","background-repeat":"repeat","background-position":"center center","background-size":"auto","background-attachment":"scroll","background-type":"","background-media":"","overlay-type":"","overlay-color":"","overlay-opacity":"","overlay-gradient":""},"tablet":{"background-color":"","background-image":"","background-repeat":"repeat","background-position":"center center","background-size":"auto","background-attachment":"scroll","background-type":"","background-media":"","overlay-type":"","overlay-color":"","overlay-opacity":"","overlay-gradient":""},"mobile":{"background-color":"","background-image":"","background-repeat":"repeat","background-position":"center center","background-size":"auto","background-attachment":"scroll","background-type":"","background-media":"","overlay-type":"","overlay-color":"","overlay-opacity":"","overlay-gradient":""}},"ast-content-background-meta":{"desktop":{"background-color":"var(--ast-global-color-5)","background-image":"","background-repeat":"repeat","background-position":"center center","background-size":"auto","background-attachment":"scroll","background-type":"","background-media":"","overlay-type":"","overlay-color":"","overlay-opacity":"","overlay-gradient":""},"tablet":{"background-color":"var(--ast-global-color-5)","background-image":"","background-repeat":"repeat","background-position":"center center","background-size":"auto","background-attachment":"scroll","background-type":"","background-media":"","overlay-type":"","overlay-color":"","overlay-opacity":"","overlay-gradient":""},"mobile":{"background-color":"var(--ast-global-color-5)","background-image":"","background-repeat":"repeat","background-position":"center center","background-size":"auto","background-attachment":"scroll","background-type":"","background-media":"","overlay-type":"","overlay-color":"","overlay-opacity":"","overlay-gradient":""}}},"product_brand":[],"product_cat":[18],"product_tag":[20,19],"class_list":{"0":"post-143","1":"product","2":"type-product","3":"status-publish","4":"has-post-thumbnail","6":"product_cat-camara-analogica","7":"product_tag-5-mpx","8":"product_tag-camara-analogica","9":"desktop-align-left","10":"tablet-align-left","11":"mobile-align-left","13":"first","14":"onbackorder","15":"taxable","16":"shipping-taxable","17":"product-type-simple"},"jetpack_sharing_enabled":true,"_links":{"self":[{"href":"https:\/\/ccpvseguridad.com\/index.php?rest_route=\/wp\/v2\/product\/143","targetHints":{"allow":["GET"]}}],"collection":[{"href":"https:\/\/ccpvseguridad.com\/index.php?rest_route=\/wp\/v2\/product"}],"about":[{"href":"https:\/\/ccpvseguridad.com\/index.php?rest_route=\/wp\/v2\/types\/product"}],"replies":[{"embeddable":true,"href":"https:\/\/ccpvseguridad.com\/index.php?rest_route=%2Fwp%2Fv2%2Fcomments&post=143"}],"wp:featuredmedia":[{"embeddable":true,"href":"https:\/\/ccpvseguridad.com\/index.php?rest_route=\/wp\/v2\/media\/132"}],"wp:attachment":[{"href":"https:\/\/ccpvseguridad.com\/index.php?rest_route=%2Fwp%2Fv2%2Fmedia&parent=143"}],"wp:term":[{"taxonomy":"product_brand","embeddable":true,"href":"https:\/\/ccpvseguridad.com\/index.php?rest_route=%2Fwp%2Fv2%2Fproduct_brand&post=143"},{"taxonomy":"product_cat","embeddable":true,"href":"https:\/\/ccpvseguridad.com\/index.php?rest_route=%2Fwp%2Fv2%2Fproduct_cat&post=143"},{"taxonomy":"product_tag","embeddable":true,"href":"https:\/\/ccpvseguridad.com\/index.php?rest_route=%2Fwp%2Fv2%2Fproduct_tag&post=143"}],"curies":[{"name":"wp","href":"https:\/\/api.w.org\/{rel}","templated":true}]}}