{"id":211,"date":"2025-01-16T19:29:26","date_gmt":"2025-01-16T19:29:26","guid":{"rendered":"https:\/\/ccpvseguridad.com\/?post_type=product&#038;p=211"},"modified":"2025-01-31T00:53:57","modified_gmt":"2025-01-31T00:53:57","slug":"camara-4-mp-ipc3614lb-sf40-a","status":"publish","type":"product","link":"https:\/\/ccpvseguridad.com\/?product=camara-4-mp-ipc3614lb-sf40-a","title":{"rendered":"C\u00e1mara 4 MP IPC3614LB-SF40-A"},"content":{"rendered":"<p>La\u00a0IPC3614LB-SF40-A\u00a0es la soluci\u00f3n definitiva para la vigilancia de tus espacios. Con una impresionante resoluci\u00f3n de\u00a04 megap\u00edxeles, esta c\u00e1mara proporciona im\u00e1genes n\u00edtidas y detalladas, incluso en condiciones de poca luz, gracias a su tecnolog\u00eda de visi\u00f3n nocturna con LEDs IR que alcanzan hasta\u00a040 metros. Su lente de\u00a04 mm ofrece un amplio campo de visi\u00f3n, ideal para cubrir \u00e1reas extensas. Dise\u00f1ada para entornos exigentes, cuenta con una clasificaci\u00f3n IP66, garantizando resistencia al agua y al polvo. Adem\u00e1s, su compresi\u00f3n de video H.265\/H.264 optimiza el almacenamiento y el uso del ancho de banda. La detecci\u00f3n de movimiento inteligente te alerta sobre cualquier actividad sospechosa, mientras que la conectividad PoE simplifica la instalaci\u00f3n.<\/p>\n<p>Con la IPC3612LB-SF28(40)-A, disfruta de la tranquilidad que solo una vigilancia eficaz puede ofrecer. \u00a1Protege lo que m\u00e1s valoras!<\/p>\n<p>Mira el: <a href=\"https:\/\/ccpvseguridad.com\/wp-content\/uploads\/2025\/01\/UNV-IPC3612LB-SF2840-A-2MP-Fixed-Dome-Network-Camera-1.pdf\">DATASHEET<\/a><\/p>\n","protected":false},"excerpt":{"rendered":"<p>IPC3614LB-SF40-A C\u00e1mara IP IR, fija modelo Torreta<br \/>\n\u2022 High quality image with 4MP, 1\/3&#8243;CMOS sensor<br \/>\n\u2022 4MP (2560*1440)@25\/20fps; 3MP (2304*1296)@25\/20fps; 2MP (1920*1080)@30\/25fps<br \/>\n\u2022 Ultra 265, H.265, H.264<br \/>\n\u2022 Smart IR, up to 30m (98ft) IR distance<br \/>\n\u2022 Day\/night functionality<br \/>\n\u2022 2D\/3D DNR (Digital Noise Reduction)<br \/>\n\u2022 IP67 protection<br \/>\n\u2022 DC12V or PoE(IEEE 802.3af) power supply<br \/>\n\u2022 3-Axis<\/p>\n","protected":false},"featured_media":209,"comment_status":"open","ping_status":"closed","template":"","meta":{"site-sidebar-layout":"default","site-content-layout":"","ast-site-content-layout":"default","site-content-style":"default","site-sidebar-style":"default","ast-global-header-display":"","ast-banner-title-visibility":"","ast-main-header-display":"","ast-hfb-above-header-display":"","ast-hfb-below-header-display":"","ast-hfb-mobile-header-display":"","site-post-title":"","ast-breadcrumbs-content":"","ast-featured-img":"","footer-sml-layout":"","theme-transparent-header-meta":"default","adv-header-id-meta":"","stick-header-meta":"","header-above-stick-meta":"","header-main-stick-meta":"","header-below-stick-meta":"","astra-migrate-meta-layouts":"set","ast-page-background-enabled":"default","ast-page-background-meta":{"desktop":{"background-color":"var(--ast-global-color-4)","background-image":"","background-repeat":"repeat","background-position":"center center","background-size":"auto","background-attachment":"scroll","background-type":"","background-media":"","overlay-type":"","overlay-color":"","overlay-opacity":"","overlay-gradient":""},"tablet":{"background-color":"","background-image":"","background-repeat":"repeat","background-position":"center center","background-size":"auto","background-attachment":"scroll","background-type":"","background-media":"","overlay-type":"","overlay-color":"","overlay-opacity":"","overlay-gradient":""},"mobile":{"background-color":"","background-image":"","background-repeat":"repeat","background-position":"center center","background-size":"auto","background-attachment":"scroll","background-type":"","background-media":"","overlay-type":"","overlay-color":"","overlay-opacity":"","overlay-gradient":""}},"ast-content-background-meta":{"desktop":{"background-color":"var(--ast-global-color-5)","background-image":"","background-repeat":"repeat","background-position":"center center","background-size":"auto","background-attachment":"scroll","background-type":"","background-media":"","overlay-type":"","overlay-color":"","overlay-opacity":"","overlay-gradient":""},"tablet":{"background-color":"var(--ast-global-color-5)","background-image":"","background-repeat":"repeat","background-position":"center center","background-size":"auto","background-attachment":"scroll","background-type":"","background-media":"","overlay-type":"","overlay-color":"","overlay-opacity":"","overlay-gradient":""},"mobile":{"background-color":"var(--ast-global-color-5)","background-image":"","background-repeat":"repeat","background-position":"center center","background-size":"auto","background-attachment":"scroll","background-type":"","background-media":"","overlay-type":"","overlay-color":"","overlay-opacity":"","overlay-gradient":""}}},"product_brand":[],"product_cat":[31],"product_tag":[33,32],"class_list":{"0":"post-211","1":"product","2":"type-product","3":"status-publish","4":"has-post-thumbnail","6":"product_cat-ipc-easy","7":"product_tag-4-mpx","8":"product_tag-ipc","9":"desktop-align-left","10":"tablet-align-left","11":"mobile-align-left","13":"first","14":"onbackorder","15":"taxable","16":"shipping-taxable","17":"product-type-simple"},"jetpack_sharing_enabled":true,"_links":{"self":[{"href":"https:\/\/ccpvseguridad.com\/index.php?rest_route=\/wp\/v2\/product\/211","targetHints":{"allow":["GET"]}}],"collection":[{"href":"https:\/\/ccpvseguridad.com\/index.php?rest_route=\/wp\/v2\/product"}],"about":[{"href":"https:\/\/ccpvseguridad.com\/index.php?rest_route=\/wp\/v2\/types\/product"}],"replies":[{"embeddable":true,"href":"https:\/\/ccpvseguridad.com\/index.php?rest_route=%2Fwp%2Fv2%2Fcomments&post=211"}],"wp:featuredmedia":[{"embeddable":true,"href":"https:\/\/ccpvseguridad.com\/index.php?rest_route=\/wp\/v2\/media\/209"}],"wp:attachment":[{"href":"https:\/\/ccpvseguridad.com\/index.php?rest_route=%2Fwp%2Fv2%2Fmedia&parent=211"}],"wp:term":[{"taxonomy":"product_brand","embeddable":true,"href":"https:\/\/ccpvseguridad.com\/index.php?rest_route=%2Fwp%2Fv2%2Fproduct_brand&post=211"},{"taxonomy":"product_cat","embeddable":true,"href":"https:\/\/ccpvseguridad.com\/index.php?rest_route=%2Fwp%2Fv2%2Fproduct_cat&post=211"},{"taxonomy":"product_tag","embeddable":true,"href":"https:\/\/ccpvseguridad.com\/index.php?rest_route=%2Fwp%2Fv2%2Fproduct_tag&post=211"}],"curies":[{"name":"wp","href":"https:\/\/api.w.org\/{rel}","templated":true}]}}