{"id":240,"date":"2025-01-16T20:20:23","date_gmt":"2025-01-16T20:20:23","guid":{"rendered":"https:\/\/ccpvseguridad.com\/?post_type=product&#038;p=240"},"modified":"2025-01-24T21:41:05","modified_gmt":"2025-01-24T21:41:05","slug":"camara-8-mp-ipc328le-adf28k-g","status":"publish","type":"product","link":"https:\/\/ccpvseguridad.com\/?product=camara-8-mp-ipc328le-adf28k-g","title":{"rendered":"C\u00e1mara 8 MP IPC328LE-ADF28K-G"},"content":{"rendered":"<p>La IPC328LE-ADF28K-G es una c\u00e1mara IP de f\u00e1cil uso con una resoluci\u00f3n de 8MP y un sensor CMOS de 1\/2.7&#8243; que ofrece im\u00e1genes de alta calidad. Esta c\u00e1mara de tipo domo fijo cuenta con tecnolog\u00eda Easystar que asegura una excelente calidad de imagen en entornos de baja iluminaci\u00f3n. Adem\u00e1s, su tecnolog\u00eda WDR de 120dB permite capturar im\u00e1genes claras en escenas de fuerte luz.<\/p>\n<p>La c\u00e1mara soporta compresi\u00f3n de video en Ultra 265, H.265, H.264 y MJPEG, y puede grabar a 20fps en 8MP, 30fps en 5MP y 4MP, y 30fps en 2MP. Tambi\u00e9n incluye un micr\u00f3fono incorporado y un control de IR inteligente con un alcance de hasta 30 metros.<\/p>\n<p>Es resistente a vandalismo con una protecci\u00f3n IK10 y cumple con la norma IP67 para ser resistente al agua y al polvo. Adem\u00e1s, soporta alimentaci\u00f3n por PoE y puede almacenar hasta 256 GB en una tarjeta Micro SD.<\/p>\n<p>Con una interfaz compatible con ONVIF, esta c\u00e1mara es ideal para integrarse en sistemas de seguridad existentes y ofrece una soluci\u00f3n robusta y confiable para la vigilancia<\/p>\n<p>Mira el:<a href=\"https:\/\/ccpvseguridad.com\/wp-content\/uploads\/2025\/01\/UNV-IPC328LE-ADF2840K-H-8MP-HD-Vandal-resistant-IR-Fixed-Dome-Network-Camera.pdf\">DATASHEET<\/a><\/p>\n","protected":false},"excerpt":{"rendered":"<p>C\u00e1mara IPC328LE-ADF28K-G: \u2022 Sensor: 1\/2.7&#8243; CMOS, 8.0 megap\u00edxeles, escaneo progresivo.<br \/>\n\u2022 Resoluci\u00f3n: 8MP (3840&#215;2160) a 20fps, 5MP (3072&#215;1728) a 30fps, 4MP (2560&#215;1440) a 30fps, 2MP (1920&#215;1080) a 30fps.<br \/>\n\u2022 Compresi\u00f3n de video: Ultra 265, H.265, H.264, MJPEG.<br \/>\n\u2022 Tecnolog\u00eda de imagen: Easystar para alta calidad en baja iluminaci\u00f3n, WDR de 120dB para im\u00e1genes claras en escenas de fuerte luz.<br \/>\n\u2022 Iluminaci\u00f3n m\u00ednima: 0.005 lux (con AGC activado), 0 lux con IR activado.<br \/>\n\u2022 Lente: Tipo fijo de 2.8mm con apertura F1.6.<br \/>\n\u2022 Campo de visi\u00f3n: Horizontal 112.9\u00b0, Vertical 59.1\u00b0, Diagonal 121.2\u00b0.<br \/>\n\u2022 Control de IR: IR inteligente con alcance de hasta 30 metros.<br \/>\n\u2022 Protecci\u00f3n: Resistente a vandalismo (IK10), resistente al agua y al polvo (IP67).<br \/>\n\u2022 Alimentaci\u00f3n: Soporta alimentaci\u00f3n por PoE.<br \/>\n\u2022 Almacenamiento: Hasta 256 GB en una tarjeta Micro SD.<br \/>\n\u2022 Compatibilidad: Compatible con ONVIF (Perfil S, G, T), API, SDK.<br \/>\n\u2022 Seguridad: Protecci\u00f3n por contrase\u00f1a, cifrado HTTPS, exportaci\u00f3n de logs de operaci\u00f3n.<\/p>\n","protected":false},"featured_media":241,"comment_status":"open","ping_status":"closed","template":"","meta":{"site-sidebar-layout":"default","site-content-layout":"","ast-site-content-layout":"default","site-content-style":"default","site-sidebar-style":"default","ast-global-header-display":"","ast-banner-title-visibility":"","ast-main-header-display":"","ast-hfb-above-header-display":"","ast-hfb-below-header-display":"","ast-hfb-mobile-header-display":"","site-post-title":"","ast-breadcrumbs-content":"","ast-featured-img":"","footer-sml-layout":"","theme-transparent-header-meta":"default","adv-header-id-meta":"","stick-header-meta":"","header-above-stick-meta":"","header-main-stick-meta":"","header-below-stick-meta":"","astra-migrate-meta-layouts":"set","ast-page-background-enabled":"default","ast-page-background-meta":{"desktop":{"background-color":"var(--ast-global-color-4)","background-image":"","background-repeat":"repeat","background-position":"center center","background-size":"auto","background-attachment":"scroll","background-type":"","background-media":"","overlay-type":"","overlay-color":"","overlay-opacity":"","overlay-gradient":""},"tablet":{"background-color":"","background-image":"","background-repeat":"repeat","background-position":"center center","background-size":"auto","background-attachment":"scroll","background-type":"","background-media":"","overlay-type":"","overlay-color":"","overlay-opacity":"","overlay-gradient":""},"mobile":{"background-color":"","background-image":"","background-repeat":"repeat","background-position":"center center","background-size":"auto","background-attachment":"scroll","background-type":"","background-media":"","overlay-type":"","overlay-color":"","overlay-opacity":"","overlay-gradient":""}},"ast-content-background-meta":{"desktop":{"background-color":"var(--ast-global-color-5)","background-image":"","background-repeat":"repeat","background-position":"center center","background-size":"auto","background-attachment":"scroll","background-type":"","background-media":"","overlay-type":"","overlay-color":"","overlay-opacity":"","overlay-gradient":""},"tablet":{"background-color":"var(--ast-global-color-5)","background-image":"","background-repeat":"repeat","background-position":"center center","background-size":"auto","background-attachment":"scroll","background-type":"","background-media":"","overlay-type":"","overlay-color":"","overlay-opacity":"","overlay-gradient":""},"mobile":{"background-color":"var(--ast-global-color-5)","background-image":"","background-repeat":"repeat","background-position":"center center","background-size":"auto","background-attachment":"scroll","background-type":"","background-media":"","overlay-type":"","overlay-color":"","overlay-opacity":"","overlay-gradient":""}}},"product_brand":[],"product_cat":[31],"product_tag":[35,32],"class_list":{"0":"post-240","1":"product","2":"type-product","3":"status-publish","4":"has-post-thumbnail","6":"product_cat-ipc-easy","7":"product_tag-8-mpx","8":"product_tag-ipc","9":"desktop-align-left","10":"tablet-align-left","11":"mobile-align-left","13":"first","14":"onbackorder","15":"taxable","16":"shipping-taxable","17":"product-type-simple"},"jetpack_sharing_enabled":true,"_links":{"self":[{"href":"https:\/\/ccpvseguridad.com\/index.php?rest_route=\/wp\/v2\/product\/240","targetHints":{"allow":["GET"]}}],"collection":[{"href":"https:\/\/ccpvseguridad.com\/index.php?rest_route=\/wp\/v2\/product"}],"about":[{"href":"https:\/\/ccpvseguridad.com\/index.php?rest_route=\/wp\/v2\/types\/product"}],"replies":[{"embeddable":true,"href":"https:\/\/ccpvseguridad.com\/index.php?rest_route=%2Fwp%2Fv2%2Fcomments&post=240"}],"wp:featuredmedia":[{"embeddable":true,"href":"https:\/\/ccpvseguridad.com\/index.php?rest_route=\/wp\/v2\/media\/241"}],"wp:attachment":[{"href":"https:\/\/ccpvseguridad.com\/index.php?rest_route=%2Fwp%2Fv2%2Fmedia&parent=240"}],"wp:term":[{"taxonomy":"product_brand","embeddable":true,"href":"https:\/\/ccpvseguridad.com\/index.php?rest_route=%2Fwp%2Fv2%2Fproduct_brand&post=240"},{"taxonomy":"product_cat","embeddable":true,"href":"https:\/\/ccpvseguridad.com\/index.php?rest_route=%2Fwp%2Fv2%2Fproduct_cat&post=240"},{"taxonomy":"product_tag","embeddable":true,"href":"https:\/\/ccpvseguridad.com\/index.php?rest_route=%2Fwp%2Fv2%2Fproduct_tag&post=240"}],"curies":[{"name":"wp","href":"https:\/\/api.w.org\/{rel}","templated":true}]}}